{"id":7141,"date":"2025-08-12T13:17:53","date_gmt":"2025-08-12T11:17:53","guid":{"rendered":"https:\/\/www.artisten.dk\/?page_id=7141"},"modified":"2025-09-30T13:12:59","modified_gmt":"2025-09-30T11:12:59","slug":"voice-over-workshop-use-your-voice-as-a-speaker","status":"publish","type":"page","link":"https:\/\/www.artisten.dk\/en\/workshop-i-voice-over-brug-din-stemme-som-speaker\/","title":{"rendered":"Voice over workshop - use your voice as a speaker"},"content":{"rendered":"<p><b><span data-contrast=\"auto\">Kom en hel dag i studiet og l\u00e6r at speake professionelt<\/span><\/b><\/p>\n<p><span data-contrast=\"auto\">D. <\/span>5. oktober 2025 f\u00e5r du en unik mulighed for at l\u00e6re at speake til bl.a. reklamefilm, radio\/TV og indtaling af b\u00f8ger. Workshoppen kan give vokalister og formidlere nye muligheder og kompetencer.<\/p>\n<p><span data-contrast=\"auto\">Workshoppen er for dig, som gerne vil:<\/span><span data-ccp-props=\"{}\">\u00a0<\/span><\/p>\n<ul>\n<li aria-setsize=\"-1\" data-leveltext=\"-\" data-font=\"Aptos\" data-listid=\"1\" data-list-defn-props=\"{&quot;335551671&quot;:0,&quot;335552541&quot;:1,&quot;335559685&quot;:720,&quot;335559991&quot;:360,&quot;469769226&quot;:&quot;Aptos&quot;,&quot;469769242&quot;:[8226],&quot;469777803&quot;:&quot;left&quot;,&quot;469777804&quot;:&quot;-&quot;,&quot;469777815&quot;:&quot;multilevel&quot;}\" data-aria-posinset=\"0\" data-aria-level=\"1\"><span data-contrast=\"auto\">udforske din stemme inden for speak<\/span><span data-ccp-props=\"{}\">\u00a0<\/span><\/li>\n<\/ul>\n<ul>\n<li aria-setsize=\"-1\" data-leveltext=\"-\" data-font=\"Aptos\" data-listid=\"1\" data-list-defn-props=\"{&quot;335551671&quot;:0,&quot;335552541&quot;:1,&quot;335559685&quot;:720,&quot;335559991&quot;:360,&quot;469769226&quot;:&quot;Aptos&quot;,&quot;469769242&quot;:[8226],&quot;469777803&quot;:&quot;left&quot;,&quot;469777804&quot;:&quot;-&quot;,&quot;469777815&quot;:&quot;multilevel&quot;}\" data-aria-posinset=\"1\" data-aria-level=\"1\"><span data-contrast=\"auto\">f\u00e5 undervisning af nogle af landets mest anvendte speakere<\/span><span data-ccp-props=\"{}\">\u00a0<\/span><\/li>\n<\/ul>\n<ul>\n<li aria-setsize=\"-1\" data-leveltext=\"-\" data-font=\"Aptos\" data-listid=\"1\" data-list-defn-props=\"{&quot;335551671&quot;:0,&quot;335552541&quot;:1,&quot;335559685&quot;:720,&quot;335559991&quot;:360,&quot;469769226&quot;:&quot;Aptos&quot;,&quot;469769242&quot;:[8226],&quot;469777803&quot;:&quot;left&quot;,&quot;469777804&quot;:&quot;-&quot;,&quot;469777815&quot;:&quot;multilevel&quot;}\" data-aria-posinset=\"2\" data-aria-level=\"1\"><span data-contrast=\"auto\">udvide dine erfaringer med at arbejde i et professionelt lydstudie <\/span><br \/>\n<span data-ccp-props=\"{}\">\u00a0<\/span><\/li>\n<\/ul>\n<p><span data-contrast=\"auto\">Speak-erfaring er ikke et krav for deltagelse. Din ans\u00f8gning vil blive vurderet af et udvalg hos Dansk Artist Forbund.<\/span><\/p>\n<p><span data-ccp-props=\"{}\"> <img loading=\"lazy\" decoding=\"async\" class=\"alignnone size-medium wp-image-7142\" src=\"https:\/\/www.artisten.dk\/wp-content\/uploads\/2025\/08\/Speakkursus-arhus-640x438.jpg\" alt=\"\" width=\"640\" height=\"438\" srcset=\"https:\/\/www.artisten.dk\/wp-content\/uploads\/2025\/08\/Speakkursus-arhus-640x438.jpg 640w, https:\/\/www.artisten.dk\/wp-content\/uploads\/2025\/08\/Speakkursus-arhus-768x526.jpg 768w, https:\/\/www.artisten.dk\/wp-content\/uploads\/2025\/08\/Speakkursus-arhus-18x12.jpg 18w, https:\/\/www.artisten.dk\/wp-content\/uploads\/2025\/08\/Speakkursus-arhus.jpg 876w\" sizes=\"auto, (max-width: 640px) 100vw, 640px\" \/><\/span><\/p>\n<p><b><span data-contrast=\"auto\">Om underviserne<\/span><\/b><\/p>\n<p><span data-contrast=\"auto\">Pernille Gunvad er professionel voice over-artist med faglig baggrund som b\u00e5de skuespiller, sanger og sangskriver. Hun har mere end 17 \u00e5rs erfaring indenfor speak. <\/span><\/p>\n<p><span data-contrast=\"auto\">S\u00f8ren Bendz er sound designer, musiker, speaker og i \u00f8vrigt ejer af lydstudiet Soundmill og st\u00e5r bag produktioner for DR og TV2 samt alverdens reklameproduktioner.<\/span><\/p>\n","protected":false},"excerpt":{"rendered":"<p>Kom en hel dag i studiet og l\u00e6r at speake professionelt D. 5. oktober 2025 f\u00e5r du en unik mulighed for at l\u00e6re at speake til bl.a. reklamefilm, radio\/TV og indtaling af b\u00f8ger. Workshoppen kan give vokalister og formidlere nye muligheder og kompetencer. Workshoppen er for dig, som gerne vil:\u00a0 udforske din stemme inden for [&hellip;]<\/p>\n","protected":false},"author":9,"featured_media":0,"parent":0,"menu_order":0,"comment_status":"closed","ping_status":"closed","template":"page-normal.php","meta":{"_acf_changed":false,"footnotes":""},"class_list":["post-7141","page","type-page","status-publish","hentry"],"acf":[],"yoast_head":"<!-- This site is optimized with the Yoast SEO plugin v27.1.1 - https:\/\/yoast.com\/product\/yoast-seo-wordpress\/ -->\n<title>Workshop i voice over \u2013 brug din stemme som speaker - Dansk Artist Forbund<\/title>\n<meta name=\"robots\" content=\"index, follow, max-snippet:-1, max-image-preview:large, max-video-preview:-1\" \/>\n<link rel=\"canonical\" href=\"https:\/\/www.artisten.dk\/en\/voice-over-workshop-use-your-voice-as-a-speaker\/\" \/>\n<meta property=\"og:locale\" content=\"en_GB\" \/>\n<meta property=\"og:type\" content=\"article\" \/>\n<meta property=\"og:title\" content=\"Workshop i voice over \u2013 brug din stemme som speaker - Dansk Artist Forbund\" \/>\n<meta property=\"og:description\" content=\"Kom en hel dag i studiet og l\u00e6r at speake professionelt D. 5. oktober 2025 f\u00e5r du en unik mulighed for at l\u00e6re at speake til bl.a. reklamefilm, radio\/TV og indtaling af b\u00f8ger. Workshoppen kan give vokalister og formidlere nye muligheder og kompetencer. Workshoppen er for dig, som gerne vil:\u00a0 udforske din stemme inden for [&hellip;]\" \/>\n<meta property=\"og:url\" content=\"https:\/\/www.artisten.dk\/en\/voice-over-workshop-use-your-voice-as-a-speaker\/\" \/>\n<meta property=\"og:site_name\" content=\"Dansk Artist Forbund\" \/>\n<meta property=\"article:modified_time\" content=\"2025-09-30T11:12:59+00:00\" \/>\n<meta property=\"og:image\" content=\"https:\/\/www.artisten.dk\/wp-content\/uploads\/2025\/08\/Speakkursus-arhus.jpg\" \/>\n\t<meta property=\"og:image:width\" content=\"876\" \/>\n\t<meta property=\"og:image:height\" content=\"600\" \/>\n\t<meta property=\"og:image:type\" content=\"image\/jpeg\" \/>\n<meta name=\"twitter:card\" content=\"summary_large_image\" \/>\n<meta name=\"twitter:label1\" content=\"Estimated reading time\" \/>\n\t<meta name=\"twitter:data1\" content=\"3 minutes\" \/>\n<script type=\"application\/ld+json\" class=\"yoast-schema-graph\">{\"@context\":\"https:\/\/schema.org\",\"@graph\":[{\"@type\":\"WebPage\",\"@id\":\"https:\/\/www.artisten.dk\/workshop-i-voice-over-brug-din-stemme-som-speaker\/\",\"url\":\"https:\/\/www.artisten.dk\/workshop-i-voice-over-brug-din-stemme-som-speaker\/\",\"name\":\"Workshop i voice over \u2013 brug din stemme som speaker - Dansk Artist Forbund\",\"isPartOf\":{\"@id\":\"https:\/\/www.artisten.dk\/#website\"},\"primaryImageOfPage\":{\"@id\":\"https:\/\/www.artisten.dk\/workshop-i-voice-over-brug-din-stemme-som-speaker\/#primaryimage\"},\"image\":{\"@id\":\"https:\/\/www.artisten.dk\/workshop-i-voice-over-brug-din-stemme-som-speaker\/#primaryimage\"},\"thumbnailUrl\":\"https:\/\/www.artisten.dk\/wp-content\/uploads\/2025\/08\/Speakkursus-arhus-640x438.jpg\",\"datePublished\":\"2025-08-12T11:17:53+00:00\",\"dateModified\":\"2025-09-30T11:12:59+00:00\",\"inLanguage\":\"en-GB\",\"potentialAction\":[{\"@type\":\"ReadAction\",\"target\":[\"https:\/\/www.artisten.dk\/workshop-i-voice-over-brug-din-stemme-som-speaker\/\"]}]},{\"@type\":\"ImageObject\",\"inLanguage\":\"en-GB\",\"@id\":\"https:\/\/www.artisten.dk\/workshop-i-voice-over-brug-din-stemme-som-speaker\/#primaryimage\",\"url\":\"https:\/\/www.artisten.dk\/wp-content\/uploads\/2025\/08\/Speakkursus-arhus-640x438.jpg\",\"contentUrl\":\"https:\/\/www.artisten.dk\/wp-content\/uploads\/2025\/08\/Speakkursus-arhus-640x438.jpg\"},{\"@type\":\"WebSite\",\"@id\":\"https:\/\/www.artisten.dk\/#website\",\"url\":\"https:\/\/www.artisten.dk\/\",\"name\":\"Dansk Artist Forbund\",\"description\":\"\",\"publisher\":{\"@id\":\"https:\/\/www.artisten.dk\/#organization\"},\"potentialAction\":[{\"@type\":\"SearchAction\",\"target\":{\"@type\":\"EntryPoint\",\"urlTemplate\":\"https:\/\/www.artisten.dk\/?s={search_term_string}\"},\"query-input\":{\"@type\":\"PropertyValueSpecification\",\"valueRequired\":true,\"valueName\":\"search_term_string\"}}],\"inLanguage\":\"en-GB\"},{\"@type\":\"Organization\",\"@id\":\"https:\/\/www.artisten.dk\/#organization\",\"name\":\"Dansk Artist Forbund\",\"url\":\"https:\/\/www.artisten.dk\/\",\"logo\":{\"@type\":\"ImageObject\",\"inLanguage\":\"en-GB\",\"@id\":\"https:\/\/www.artisten.dk\/#\/schema\/logo\/image\/\",\"url\":\"https:\/\/daf.demo.supertusch.com\/wp-content\/uploads\/2023\/10\/NAVNETRAEK_FOOTER.jpg\",\"contentUrl\":\"https:\/\/daf.demo.supertusch.com\/wp-content\/uploads\/2023\/10\/NAVNETRAEK_FOOTER.jpg\",\"width\":148,\"height\":100,\"caption\":\"Dansk Artist Forbund\"},\"image\":{\"@id\":\"https:\/\/www.artisten.dk\/#\/schema\/logo\/image\/\"}}]}<\/script>\n<!-- \/ Yoast SEO plugin. -->","yoast_head_json":{"title":"Voice over workshop - use your voice as a speaker - Dansk Artist Forbund","robots":{"index":"index","follow":"follow","max-snippet":"max-snippet:-1","max-image-preview":"max-image-preview:large","max-video-preview":"max-video-preview:-1"},"canonical":"https:\/\/www.artisten.dk\/en\/voice-over-workshop-use-your-voice-as-a-speaker\/","og_locale":"en_GB","og_type":"article","og_title":"Workshop i voice over \u2013 brug din stemme som speaker - Dansk Artist Forbund","og_description":"Kom en hel dag i studiet og l\u00e6r at speake professionelt D. 5. oktober 2025 f\u00e5r du en unik mulighed for at l\u00e6re at speake til bl.a. reklamefilm, radio\/TV og indtaling af b\u00f8ger. Workshoppen kan give vokalister og formidlere nye muligheder og kompetencer. Workshoppen er for dig, som gerne vil:\u00a0 udforske din stemme inden for [&hellip;]","og_url":"https:\/\/www.artisten.dk\/en\/voice-over-workshop-use-your-voice-as-a-speaker\/","og_site_name":"Dansk Artist Forbund","article_modified_time":"2025-09-30T11:12:59+00:00","og_image":[{"width":876,"height":600,"url":"https:\/\/www.artisten.dk\/wp-content\/uploads\/2025\/08\/Speakkursus-arhus.jpg","type":"image\/jpeg"}],"twitter_card":"summary_large_image","twitter_misc":{"Estimated reading time":"3 minutes"},"schema":{"@context":"https:\/\/schema.org","@graph":[{"@type":"WebPage","@id":"https:\/\/www.artisten.dk\/workshop-i-voice-over-brug-din-stemme-som-speaker\/","url":"https:\/\/www.artisten.dk\/workshop-i-voice-over-brug-din-stemme-som-speaker\/","name":"Voice over workshop - use your voice as a speaker - Dansk Artist Forbund","isPartOf":{"@id":"https:\/\/www.artisten.dk\/#website"},"primaryImageOfPage":{"@id":"https:\/\/www.artisten.dk\/workshop-i-voice-over-brug-din-stemme-som-speaker\/#primaryimage"},"image":{"@id":"https:\/\/www.artisten.dk\/workshop-i-voice-over-brug-din-stemme-som-speaker\/#primaryimage"},"thumbnailUrl":"https:\/\/www.artisten.dk\/wp-content\/uploads\/2025\/08\/Speakkursus-arhus-640x438.jpg","datePublished":"2025-08-12T11:17:53+00:00","dateModified":"2025-09-30T11:12:59+00:00","inLanguage":"en-GB","potentialAction":[{"@type":"ReadAction","target":["https:\/\/www.artisten.dk\/workshop-i-voice-over-brug-din-stemme-som-speaker\/"]}]},{"@type":"ImageObject","inLanguage":"en-GB","@id":"https:\/\/www.artisten.dk\/workshop-i-voice-over-brug-din-stemme-som-speaker\/#primaryimage","url":"https:\/\/www.artisten.dk\/wp-content\/uploads\/2025\/08\/Speakkursus-arhus-640x438.jpg","contentUrl":"https:\/\/www.artisten.dk\/wp-content\/uploads\/2025\/08\/Speakkursus-arhus-640x438.jpg"},{"@type":"WebSite","@id":"https:\/\/www.artisten.dk\/#website","url":"https:\/\/www.artisten.dk\/","name":"Danish Artist Association","description":"","publisher":{"@id":"https:\/\/www.artisten.dk\/#organization"},"potentialAction":[{"@type":"SearchAction","target":{"@type":"EntryPoint","urlTemplate":"https:\/\/www.artisten.dk\/?s={search_term_string}"},"query-input":{"@type":"PropertyValueSpecification","valueRequired":true,"valueName":"search_term_string"}}],"inLanguage":"en-GB"},{"@type":"Organization","@id":"https:\/\/www.artisten.dk\/#organization","name":"Danish Artist Association","url":"https:\/\/www.artisten.dk\/","logo":{"@type":"ImageObject","inLanguage":"en-GB","@id":"https:\/\/www.artisten.dk\/#\/schema\/logo\/image\/","url":"https:\/\/daf.demo.supertusch.com\/wp-content\/uploads\/2023\/10\/NAVNETRAEK_FOOTER.jpg","contentUrl":"https:\/\/daf.demo.supertusch.com\/wp-content\/uploads\/2023\/10\/NAVNETRAEK_FOOTER.jpg","width":148,"height":100,"caption":"Dansk Artist Forbund"},"image":{"@id":"https:\/\/www.artisten.dk\/#\/schema\/logo\/image\/"}}]}},"_links":{"self":[{"href":"https:\/\/www.artisten.dk\/en\/wp-json\/wp\/v2\/pages\/7141","targetHints":{"allow":["GET"]}}],"collection":[{"href":"https:\/\/www.artisten.dk\/en\/wp-json\/wp\/v2\/pages"}],"about":[{"href":"https:\/\/www.artisten.dk\/en\/wp-json\/wp\/v2\/types\/page"}],"author":[{"embeddable":true,"href":"https:\/\/www.artisten.dk\/en\/wp-json\/wp\/v2\/users\/9"}],"replies":[{"embeddable":true,"href":"https:\/\/www.artisten.dk\/en\/wp-json\/wp\/v2\/comments?post=7141"}],"version-history":[{"count":4,"href":"https:\/\/www.artisten.dk\/en\/wp-json\/wp\/v2\/pages\/7141\/revisions"}],"predecessor-version":[{"id":7891,"href":"https:\/\/www.artisten.dk\/en\/wp-json\/wp\/v2\/pages\/7141\/revisions\/7891"}],"wp:attachment":[{"href":"https:\/\/www.artisten.dk\/en\/wp-json\/wp\/v2\/media?parent=7141"}],"curies":[{"name":"wp","href":"https:\/\/api.w.org\/{rel}","templated":true}]}}

<p><b><span data-contrast="auto">Kom en hel dag i studiet og lær at speake professionelt</span></b></p>
<p><span data-contrast="auto">D. </span>5. oktober 2025 får du en unik mulighed for at lære at speake til bl.a. reklamefilm, radio/TV og indtaling af bøger. Workshoppen kan give vokalister og formidlere nye muligheder og kompetencer.</p>
<p><span data-contrast="auto">Workshoppen er for dig, som gerne vil:</span><span data-ccp-props="{}"> </span></p>
<ul>
<li aria-setsize="-1" data-leveltext="-" data-font="Aptos" data-listid="1" data-list-defn-props="{&quot;335551671&quot;:0,&quot;335552541&quot;:1,&quot;335559685&quot;:720,&quot;335559991&quot;:360,&quot;469769226&quot;:&quot;Aptos&quot;,&quot;469769242&quot;:[8226],&quot;469777803&quot;:&quot;left&quot;,&quot;469777804&quot;:&quot;-&quot;,&quot;469777815&quot;:&quot;multilevel&quot;}" data-aria-posinset="0" data-aria-level="1"><span data-contrast="auto">udforske din stemme inden for speak</span><span data-ccp-props="{}"> </span></li>
</ul>
<ul>
<li aria-setsize="-1" data-leveltext="-" data-font="Aptos" data-listid="1" data-list-defn-props="{&quot;335551671&quot;:0,&quot;335552541&quot;:1,&quot;335559685&quot;:720,&quot;335559991&quot;:360,&quot;469769226&quot;:&quot;Aptos&quot;,&quot;469769242&quot;:[8226],&quot;469777803&quot;:&quot;left&quot;,&quot;469777804&quot;:&quot;-&quot;,&quot;469777815&quot;:&quot;multilevel&quot;}" data-aria-posinset="1" data-aria-level="1"><span data-contrast="auto">få undervisning af nogle af landets mest anvendte speakere</span><span data-ccp-props="{}"> </span></li>
</ul>
<ul>
<li aria-setsize="-1" data-leveltext="-" data-font="Aptos" data-listid="1" data-list-defn-props="{&quot;335551671&quot;:0,&quot;335552541&quot;:1,&quot;335559685&quot;:720,&quot;335559991&quot;:360,&quot;469769226&quot;:&quot;Aptos&quot;,&quot;469769242&quot;:[8226],&quot;469777803&quot;:&quot;left&quot;,&quot;469777804&quot;:&quot;-&quot;,&quot;469777815&quot;:&quot;multilevel&quot;}" data-aria-posinset="2" data-aria-level="1"><span data-contrast="auto">udvide dine erfaringer med at arbejde i et professionelt lydstudie </span><br />
<span data-ccp-props="{}"> </span></li>
</ul>
<p><span data-contrast="auto">Speak-erfaring er ikke et krav for deltagelse. Din ansøgning vil blive vurderet af et udvalg hos Dansk Artist Forbund.</span></p>
<p><span data-ccp-props="{}"> <img loading="lazy" decoding="async" class="alignnone size-medium wp-image-7142" src="https://www.artisten.dk/wp-content/uploads/2025/08/Speakkursus-arhus-640x438.jpg" alt="" width="640" height="438" srcset="https://www.artisten.dk/wp-content/uploads/2025/08/Speakkursus-arhus-640x438.jpg 640w, https://www.artisten.dk/wp-content/uploads/2025/08/Speakkursus-arhus-768x526.jpg 768w, https://www.artisten.dk/wp-content/uploads/2025/08/Speakkursus-arhus-18x12.jpg 18w, https://www.artisten.dk/wp-content/uploads/2025/08/Speakkursus-arhus.jpg 876w" sizes="auto, (max-width: 640px) 100vw, 640px" /></span></p>
<p><b><span data-contrast="auto">Om underviserne</span></b></p>
<p><span data-contrast="auto">Pernille Gunvad er professionel voice over-artist med faglig baggrund som både skuespiller, sanger og sangskriver. Hun har mere end 17 års erfaring indenfor speak. </span></p>
<p><span data-contrast="auto">Søren Bendz er sound designer, musiker, speaker og i øvrigt ejer af lydstudiet Soundmill og står bag produktioner for DR og TV2 samt alverdens reklameproduktioner.</span></p>

<p>Kom en hel dag i studiet og lær at speake professionelt D. 5. oktober 2025 får du en unik mulighed for at lære at speake til bl.a. reklamefilm, radio/TV og indtaling af bøger. Workshoppen kan give vokalister og formidlere nye muligheder og kompetencer. Workshoppen er for dig, som gerne vil:  udforske din stemme inden for [&hellip;]</p>

<!-- This site is optimized with the Yoast SEO plugin v27.1.1 - https://yoast.com/product/yoast-seo-wordpress/ -->
<title>Workshop i voice over – brug din stemme som speaker - Dansk Artist Forbund</title>
<meta name="robots" content="index, follow, max-snippet:-1, max-image-preview:large, max-video-preview:-1" />
<link rel="canonical" href="https://www.artisten.dk/en/voice-over-workshop-use-your-voice-as-a-speaker/" />
<meta property="og:locale" content="en_GB" />
<meta property="og:type" content="article" />
<meta property="og:title" content="Workshop i voice over – brug din stemme som speaker - Dansk Artist Forbund" />
<meta property="og:description" content="Kom en hel dag i studiet og lær at speake professionelt D. 5. oktober 2025 får du en unik mulighed for at lære at speake til bl.a. reklamefilm, radio/TV og indtaling af bøger. Workshoppen kan give vokalister og formidlere nye muligheder og kompetencer. Workshoppen er for dig, som gerne vil:  udforske din stemme inden for [&hellip;]" />
<meta property="og:url" content="https://www.artisten.dk/en/voice-over-workshop-use-your-voice-as-a-speaker/" />
<meta property="og:site_name" content="Dansk Artist Forbund" />
<meta property="article:modified_time" content="2025-09-30T11:12:59+00:00" />
<meta property="og:image" content="https://www.artisten.dk/wp-content/uploads/2025/08/Speakkursus-arhus.jpg" />
	<meta property="og:image:width" content="876" />
	<meta property="og:image:height" content="600" />
	<meta property="og:image:type" content="image/jpeg" />
<meta name="twitter:card" content="summary_large_image" />
<meta name="twitter:label1" content="Estimated reading time" />
	<meta name="twitter:data1" content="3 minutes" />
<script type="application/ld+json" class="yoast-schema-graph">{"@context":"https://schema.org","@graph":[{"@type":"WebPage","@id":"https://www.artisten.dk/workshop-i-voice-over-brug-din-stemme-som-speaker/","url":"https://www.artisten.dk/workshop-i-voice-over-brug-din-stemme-som-speaker/","name":"Workshop i voice over – brug din stemme som speaker - Dansk Artist Forbund","isPartOf":{"@id":"https://www.artisten.dk/#website"},"primaryImageOfPage":{"@id":"https://www.artisten.dk/workshop-i-voice-over-brug-din-stemme-som-speaker/#primaryimage"},"image":{"@id":"https://www.artisten.dk/workshop-i-voice-over-brug-din-stemme-som-speaker/#primaryimage"},"thumbnailUrl":"https://www.artisten.dk/wp-content/uploads/2025/08/Speakkursus-arhus-640x438.jpg","datePublished":"2025-08-12T11:17:53+00:00","dateModified":"2025-09-30T11:12:59+00:00","inLanguage":"en-GB","potentialAction":[{"@type":"ReadAction","target":["https://www.artisten.dk/workshop-i-voice-over-brug-din-stemme-som-speaker/"]}]},{"@type":"ImageObject","inLanguage":"en-GB","@id":"https://www.artisten.dk/workshop-i-voice-over-brug-din-stemme-som-speaker/#primaryimage","url":"https://www.artisten.dk/wp-content/uploads/2025/08/Speakkursus-arhus-640x438.jpg","contentUrl":"https://www.artisten.dk/wp-content/uploads/2025/08/Speakkursus-arhus-640x438.jpg"},{"@type":"WebSite","@id":"https://www.artisten.dk/#website","url":"https://www.artisten.dk/","name":"Dansk Artist Forbund","description":"","publisher":{"@id":"https://www.artisten.dk/#organization"},"potentialAction":[{"@type":"SearchAction","target":{"@type":"EntryPoint","urlTemplate":"https://www.artisten.dk/?s={search_term_string}"},"query-input":{"@type":"PropertyValueSpecification","valueRequired":true,"valueName":"search_term_string"}}],"inLanguage":"en-GB"},{"@type":"Organization","@id":"https://www.artisten.dk/#organization","name":"Dansk Artist Forbund","url":"https://www.artisten.dk/","logo":{"@type":"ImageObject","inLanguage":"en-GB","@id":"https://www.artisten.dk/#/schema/logo/image/","url":"https://daf.demo.supertusch.com/wp-content/uploads/2023/10/NAVNETRAEK_FOOTER.jpg","contentUrl":"https://daf.demo.supertusch.com/wp-content/uploads/2023/10/NAVNETRAEK_FOOTER.jpg","width":148,"height":100,"caption":"Dansk Artist Forbund"},"image":{"@id":"https://www.artisten.dk/#/schema/logo/image/"}}]}</script>
<!-- / Yoast SEO plugin. -->

Kom en hel dag i studiet og lær at speake professionelt D. 5. oktober 2025 får du en unik mulighed for at lære at speake til bl.a. reklamefilm, radio/TV og indtaling af bøger. Workshoppen kan give vokalister og formidlere nye muligheder og kompetencer. Workshoppen er for dig, som gerne vil:  udforske din stemme inden for [&hellip;]
